{"id":9,"date":"2025-11-18T14:02:51","date_gmt":"2025-11-18T14:02:51","guid":{"rendered":"http:\/\/atlas.avozdoxingu.com.br\/?page_id=9"},"modified":"2025-11-18T14:02:52","modified_gmt":"2025-11-18T14:02:52","slug":"politica-de-privacidade","status":"publish","type":"page","link":"https:\/\/atlas.avozdoxingu.com.br\/index.php\/politica-de-privacidade\/","title":{"rendered":"Pol\u00edtica de Privacidade"},"content":{"rendered":"\n<p>O <strong>Atlas News<\/strong> (acess\u00edvel em https:\/\/www.google.com\/search?q=https:\/\/portalatlasnews.com.br) valoriza a privacidade de seus visitantes. Esta Pol\u00edtica de Privacidade descreve os tipos de informa\u00e7\u00f5es pessoais que recebemos e coletamos e como elas s\u00e3o usadas.<\/p>\n\n\n\n<h2 class=\"wp-block-heading\">1. Coleta de Dados e Registros<\/h2>\n\n\n\n<p>Como muitos outros sites, o Atlas News faz uso de arquivos de registro (log files). As informa\u00e7\u00f5es dentro dos arquivos de registro incluem endere\u00e7os IP (protocolo de internet), tipo de navegador, provedor de servi\u00e7os de internet (ISP), carimbo de data\/hora, p\u00e1ginas de refer\u00eancia\/sa\u00edda e n\u00famero de cliques para analisar tend\u00eancias, administrar o site, rastrear o movimento do usu\u00e1rio no site e coletar informa\u00e7\u00f5es demogr\u00e1ficas. Endere\u00e7os IP e outras informa\u00e7\u00f5es n\u00e3o est\u00e3o vinculados a nenhuma informa\u00e7\u00e3o que seja pessoalmente identific\u00e1vel.<\/p>\n\n\n\n<h2 class=\"wp-block-heading\">2. Cookies e Web Beacons<\/h2>\n\n\n\n<p>O Atlas News usa cookies para armazenar informa\u00e7\u00f5es sobre as prefer\u00eancias dos visitantes, registrar informa\u00e7\u00f5es espec\u00edficas do usu\u00e1rio sobre quais p\u00e1ginas o usu\u00e1rio acessa ou visita, personalizar o conte\u00fado da p\u00e1gina da web com base no tipo de navegador dos visitantes ou outras informa\u00e7\u00f5es que o visitante envia atrav\u00e9s de seu navegador.<\/p>\n\n\n\n<h3 class=\"wp-block-heading\">Cookie DoubleClick DART e Google AdSense<\/h3>\n\n\n\n<ul class=\"wp-block-list\">\n<li>O Google, como fornecedor terceirizado, utiliza cookies para exibir an\u00fancios no Atlas News.<\/li>\n\n\n\n<li>O uso do cookie DART pelo Google permite que ele exiba an\u00fancios para nossos usu\u00e1rios com base em sua visita ao nosso site e a outros sites na Internet.<\/li>\n\n\n\n<li>Os usu\u00e1rios podem optar por n\u00e3o usar o cookie DART visitando a Pol\u00edtica de privacidade da rede de conte\u00fado e an\u00fancios do Google no seguinte URL: https:\/\/policies.google.com\/technologies\/ads<\/li>\n<\/ul>\n\n\n\n<h2 class=\"wp-block-heading\">3. Publicidade e Parceiros (AdSense)<\/h2>\n\n\n\n<p>Nossos parceiros de publicidade, incluindo o Google AdSense, podem usar cookies e web beacons em nosso site. Esses servidores de an\u00fancios de terceiros ou redes de an\u00fancios usam tecnologia para os an\u00fancios e links que aparecem no Atlas News enviados diretamente para seus navegadores. Eles recebem automaticamente seu endere\u00e7o IP quando isso ocorre. Outras tecnologias (como cookies, JavaScript ou Web Beacons) tamb\u00e9m podem ser usadas pelas redes de an\u00fancios de terceiros para medir a efic\u00e1cia de seus an\u00fancios e\/ou para personalizar o conte\u00fado publicit\u00e1rio que voc\u00ea v\u00ea.<\/p>\n\n\n\n<p>O Atlas News n\u00e3o tem acesso ou controle sobre esses cookies que s\u00e3o usados por anunciantes terceirizados.<\/p>\n\n\n\n<h2 class=\"wp-block-heading\">4. Coment\u00e1rios<\/h2>\n\n\n\n<p>Quando os visitantes deixam coment\u00e1rios no site, coletamos os dados mostrados no formul\u00e1rio de coment\u00e1rios, al\u00e9m do endere\u00e7o de IP e de dados do navegador do visitante, para auxiliar na detec\u00e7\u00e3o de spam.<\/p>\n\n\n\n<h2 class=\"wp-block-heading\">5. Direitos do Usu\u00e1rio (LGPD)<\/h2>\n\n\n\n<p>Garantimos aos usu\u00e1rios os direitos previstos na Lei Geral de Prote\u00e7\u00e3o de Dados (LGPD), incluindo o direito de acessar, corrigir, portar ou excluir seus dados pessoais. Para exercer esses direitos, entre em contato conosco pelo e-mail: jwilliamsoares@gmail.com.<\/p>\n\n\n\n<h2 class=\"wp-block-heading\">6. Consentimento<\/h2>\n\n\n\n<p>Ao utilizar nosso site, voc\u00ea concorda com nossa Pol\u00edtica de Privacidade e concorda com seus termos.<\/p>\n\n\n\n<p><strong>\u00daltima atualiza\u00e7\u00e3o:<\/strong> 18 de novembro de 2025 \u00e0s 11:02.<\/p>\n","protected":false},"excerpt":{"rendered":"<p>O Atlas News (acess\u00edvel em https:\/\/www.google.com\/search?q=https:\/\/portalatlasnews.com.br) valoriza a privacidade de seus visitantes. Esta Pol\u00edtica de Privacidade descreve os tipos de informa\u00e7\u00f5es pessoais que recebemos e coletamos e como elas s\u00e3o usadas. 1. Coleta de Dados e Registros Como muitos outros sites, o Atlas News faz uso de arquivos de registro (log files). As informa\u00e7\u00f5es dentro [&hellip;]<\/p>\n","protected":false},"author":1,"featured_media":0,"parent":0,"menu_order":0,"comment_status":"closed","ping_status":"closed","template":"","meta":{"footnotes":""},"class_list":["post-9","page","type-page","status-publish","hentry"],"yoast_head":"<!-- This site is optimized with the Yoast SEO plugin v26.4 - https:\/\/yoast.com\/wordpress\/plugins\/seo\/ -->\n<title>Pol\u00edtica de Privacidade - Atlas News<\/title>\n<meta name=\"robots\" content=\"index, follow, max-snippet:-1, max-image-preview:large, max-video-preview:-1\" \/>\n<link rel=\"canonical\" href=\"https:\/\/atlas.avozdoxingu.com.br\/index.php\/politica-de-privacidade\/\" \/>\n<meta property=\"og:locale\" content=\"pt_BR\" \/>\n<meta property=\"og:type\" content=\"article\" \/>\n<meta property=\"og:title\" content=\"Pol\u00edtica de Privacidade - Atlas News\" \/>\n<meta property=\"og:description\" content=\"O Atlas News (acess\u00edvel em https:\/\/www.google.com\/search?q=https:\/\/portalatlasnews.com.br) valoriza a privacidade de seus visitantes. Esta Pol\u00edtica de Privacidade descreve os tipos de informa\u00e7\u00f5es pessoais que recebemos e coletamos e como elas s\u00e3o usadas. 1. Coleta de Dados e Registros Como muitos outros sites, o Atlas News faz uso de arquivos de registro (log files). As informa\u00e7\u00f5es dentro [&hellip;]\" \/>\n<meta property=\"og:url\" content=\"https:\/\/atlas.avozdoxingu.com.br\/index.php\/politica-de-privacidade\/\" \/>\n<meta property=\"og:site_name\" content=\"Atlas News\" \/>\n<meta property=\"article:modified_time\" content=\"2025-11-18T14:02:52+00:00\" \/>\n<meta name=\"twitter:card\" content=\"summary_large_image\" \/>\n<meta name=\"twitter:label1\" content=\"Est. tempo de leitura\" \/>\n\t<meta name=\"twitter:data1\" content=\"3 minutos\" \/>\n<script type=\"application\/ld+json\" class=\"yoast-schema-graph\">{\"@context\":\"https:\/\/schema.org\",\"@graph\":[{\"@type\":\"WebPage\",\"@id\":\"https:\/\/atlas.avozdoxingu.com.br\/index.php\/politica-de-privacidade\/\",\"url\":\"https:\/\/atlas.avozdoxingu.com.br\/index.php\/politica-de-privacidade\/\",\"name\":\"Pol\u00edtica de Privacidade - Atlas News\",\"isPartOf\":{\"@id\":\"https:\/\/atlas.avozdoxingu.com.br\/#website\"},\"datePublished\":\"2025-11-18T14:02:51+00:00\",\"dateModified\":\"2025-11-18T14:02:52+00:00\",\"breadcrumb\":{\"@id\":\"https:\/\/atlas.avozdoxingu.com.br\/index.php\/politica-de-privacidade\/#breadcrumb\"},\"inLanguage\":\"pt-BR\",\"potentialAction\":[{\"@type\":\"ReadAction\",\"target\":[\"https:\/\/atlas.avozdoxingu.com.br\/index.php\/politica-de-privacidade\/\"]}]},{\"@type\":\"BreadcrumbList\",\"@id\":\"https:\/\/atlas.avozdoxingu.com.br\/index.php\/politica-de-privacidade\/#breadcrumb\",\"itemListElement\":[{\"@type\":\"ListItem\",\"position\":1,\"name\":\"In\u00edcio\",\"item\":\"https:\/\/atlas.avozdoxingu.com.br\/\"},{\"@type\":\"ListItem\",\"position\":2,\"name\":\"Pol\u00edtica de Privacidade\"}]},{\"@type\":\"WebSite\",\"@id\":\"https:\/\/atlas.avozdoxingu.com.br\/#website\",\"url\":\"https:\/\/atlas.avozdoxingu.com.br\/\",\"name\":\"Atlas News\",\"description\":\"\",\"potentialAction\":[{\"@type\":\"SearchAction\",\"target\":{\"@type\":\"EntryPoint\",\"urlTemplate\":\"https:\/\/atlas.avozdoxingu.com.br\/?s={search_term_string}\"},\"query-input\":{\"@type\":\"PropertyValueSpecification\",\"valueRequired\":true,\"valueName\":\"search_term_string\"}}],\"inLanguage\":\"pt-BR\"}]}<\/script>\n<!-- \/ Yoast SEO plugin. -->","yoast_head_json":{"title":"Pol\u00edtica de Privacidade - Atlas News","robots":{"index":"index","follow":"follow","max-snippet":"max-snippet:-1","max-image-preview":"max-image-preview:large","max-video-preview":"max-video-preview:-1"},"canonical":"https:\/\/atlas.avozdoxingu.com.br\/index.php\/politica-de-privacidade\/","og_locale":"pt_BR","og_type":"article","og_title":"Pol\u00edtica de Privacidade - Atlas News","og_description":"O Atlas News (acess\u00edvel em https:\/\/www.google.com\/search?q=https:\/\/portalatlasnews.com.br) valoriza a privacidade de seus visitantes. Esta Pol\u00edtica de Privacidade descreve os tipos de informa\u00e7\u00f5es pessoais que recebemos e coletamos e como elas s\u00e3o usadas. 1. Coleta de Dados e Registros Como muitos outros sites, o Atlas News faz uso de arquivos de registro (log files). As informa\u00e7\u00f5es dentro [&hellip;]","og_url":"https:\/\/atlas.avozdoxingu.com.br\/index.php\/politica-de-privacidade\/","og_site_name":"Atlas News","article_modified_time":"2025-11-18T14:02:52+00:00","twitter_card":"summary_large_image","twitter_misc":{"Est. tempo de leitura":"3 minutos"},"schema":{"@context":"https:\/\/schema.org","@graph":[{"@type":"WebPage","@id":"https:\/\/atlas.avozdoxingu.com.br\/index.php\/politica-de-privacidade\/","url":"https:\/\/atlas.avozdoxingu.com.br\/index.php\/politica-de-privacidade\/","name":"Pol\u00edtica de Privacidade - Atlas News","isPartOf":{"@id":"https:\/\/atlas.avozdoxingu.com.br\/#website"},"datePublished":"2025-11-18T14:02:51+00:00","dateModified":"2025-11-18T14:02:52+00:00","breadcrumb":{"@id":"https:\/\/atlas.avozdoxingu.com.br\/index.php\/politica-de-privacidade\/#breadcrumb"},"inLanguage":"pt-BR","potentialAction":[{"@type":"ReadAction","target":["https:\/\/atlas.avozdoxingu.com.br\/index.php\/politica-de-privacidade\/"]}]},{"@type":"BreadcrumbList","@id":"https:\/\/atlas.avozdoxingu.com.br\/index.php\/politica-de-privacidade\/#breadcrumb","itemListElement":[{"@type":"ListItem","position":1,"name":"In\u00edcio","item":"https:\/\/atlas.avozdoxingu.com.br\/"},{"@type":"ListItem","position":2,"name":"Pol\u00edtica de Privacidade"}]},{"@type":"WebSite","@id":"https:\/\/atlas.avozdoxingu.com.br\/#website","url":"https:\/\/atlas.avozdoxingu.com.br\/","name":"Atlas News","description":"","potentialAction":[{"@type":"SearchAction","target":{"@type":"EntryPoint","urlTemplate":"https:\/\/atlas.avozdoxingu.com.br\/?s={search_term_string}"},"query-input":{"@type":"PropertyValueSpecification","valueRequired":true,"valueName":"search_term_string"}}],"inLanguage":"pt-BR"}]}},"_links":{"self":[{"href":"https:\/\/atlas.avozdoxingu.com.br\/index.php\/wp-json\/wp\/v2\/pages\/9","targetHints":{"allow":["GET"]}}],"collection":[{"href":"https:\/\/atlas.avozdoxingu.com.br\/index.php\/wp-json\/wp\/v2\/pages"}],"about":[{"href":"https:\/\/atlas.avozdoxingu.com.br\/index.php\/wp-json\/wp\/v2\/types\/page"}],"author":[{"embeddable":true,"href":"https:\/\/atlas.avozdoxingu.com.br\/index.php\/wp-json\/wp\/v2\/users\/1"}],"replies":[{"embeddable":true,"href":"https:\/\/atlas.avozdoxingu.com.br\/index.php\/wp-json\/wp\/v2\/comments?post=9"}],"version-history":[{"count":1,"href":"https:\/\/atlas.avozdoxingu.com.br\/index.php\/wp-json\/wp\/v2\/pages\/9\/revisions"}],"predecessor-version":[{"id":10,"href":"https:\/\/atlas.avozdoxingu.com.br\/index.php\/wp-json\/wp\/v2\/pages\/9\/revisions\/10"}],"wp:attachment":[{"href":"https:\/\/atlas.avozdoxingu.com.br\/index.php\/wp-json\/wp\/v2\/media?parent=9"}],"curies":[{"name":"wp","href":"https:\/\/api.w.org\/{rel}","templated":true}]}}